*k. Suppose -4*a + 360 = -k*o, -a + 0*a + 2*o = -90. Calculate the highest common divisor of 18 and a.
18
Suppose -210*f - 3091 = -368*f + 14921. Let h = -6 - -36. What is the highest common factor of f and h?
6
Let i(g) = 7*g**3 - g**2 - g. Let r be i(-1). Let d be r + (1 - -1) - (-3 - 5). Calculate the highest common divisor of 25 and d.
1
Let z = 160 + 290. Suppose -2*a - 3*a = -z. Let k be 0 - (-6 + 14) - (-85 + 47). Calculate the greatest common factor of k and a.
30
Let f be (2 - 0) + 0 - (-40 + -183). Let p = 6 - -19. What is the highest common divisor of p and f?
25
Let t = -150 - -210. Let l = 142 - 62. Calculate the highest common divisor of t and l.
20
Suppose -3220 = -5*w + t, 7*w + 3*t + 1301 = 9*w. Let m = 647 - w. What is the highest common factor of m and 58?
2
Suppose 34*y - 52*y + 666 = 0. Suppose y*j - 3315 = 33*j + 5*u, 3*u + 3309 = 4*j. Calculate the highest common divisor of j and 75.
75
Suppose -4*l - 4*a = -1132, 3*a + 879 + 225 = 4*l. Let t(y) = 2*y**2 - 3*y - 3. Let x be t(-5). What is the greatest common factor of x and l?
31
Let z be (-6 + 6)/5 + -3. Let w be (1 - (z - 0)/1) + 23. Calculate the highest common divisor of w and 216.
27
Let n = 203 + -210. Let h(f) = -f**3 - 7*f**2 + 2*f + 18. Let z be h(n). What is the highest common divisor of 40 and z?
4
Let u(n) = -5*n + 5. Let o be u(-6). Suppose 4*q = 11*q - o. Suppose -5*h - q*m = -193 - 667, h - 164 = m. Calculate the highest common factor of h and 21.
21
Let p(s) = 10*s - 5. Let g be p(1). What is the greatest common divisor of g and 2710?
5
Suppose 0 = 3*z - 3*u - 354, 4*z + 0*z + 2*u - 484 = 0. Let w be (6/4)/(4/z). Calculate the highest common factor of w and 63.
9
Let q(v) = -447*v + 4104. Let c be q(9). Calculate the highest common factor of c and 1089.
9
Let c be (12/12)/((-3)/(-2067)). What is the highest common divisor of c and 265?
53
Let l(y) = -5*y**2 + 181*y - 12. Let d be l(36). Suppose -5*f + 244 = z + z, 5*z - 5*f - 680 = 0. What is the greatest common divisor of z and d?
12
Suppose 31 = 3*b + d - 0*d, -b = -4*d - 32. Suppose 5*o = y + 4, b*y + 5*o - 88 = 9*y. Calculate the highest common divisor of y and 35.
7
Suppose 248*l = 371*l - 3321. What is the greatest common factor of 3249 and l?
9
Let i(v) = 12*v - 2. Let z be i(-5). Let r be 4/(-10) - z/5. Let t = -377 - -395. Calculate the highest common divisor of r and t.
6
Suppose 9*v = 22*v - 10192. Suppose 3*c = 4*l + 582, -3*c + v - 211 = -7*l. What is the greatest common factor of c and 54?
18
Suppose -565*s + 3*d - 23142 = -568*s, 38556 = 5*s + 3*d. Calculate the highest common divisor of s and 63.
21
Let z = -603 - -916. Let m = z + -145. Calculate the highest common factor of 126 and m.
42
Let l(h) = -2*h**3 - 2*h**2 + h - 2. Let z be l(-4). Suppose 0 = -4*f - 2*w + 176, -4*w - 111 = -2*f - 13. Calculate the greatest common factor of f and z.
45
Suppose 7*q + 369 = 8*q + 5*p, -3*p = -2*q + 725. Let s = q + -359. Calculate the highest common divisor of s and 385.
5
Let u(y) = -5*y**3 - 5*y**2 + 10*y - 17. Let z be u(4). Let i = 676 + z. What is the highest common divisor of 23 and i?
23
Let n(b) = 53 + 29*b + 24*b - 72*b + 22*b. Let z be n(-17). Let y be 5 - (z + 9)*-1. What is the highest common factor of 4 and y?
4
Suppose -2*m + 0*m = 2*i, 0 = 3*m + i + 8. Let w be 2/m + (-478)/(-4). Suppose -68 = 39*k - 43*k. Calculate the greatest common divisor of w and k.
17
Let c be 3*(-22)/((-3)/(9/(-6))). Let q = 24 - c. Let u = q + -51. Calculate the highest common factor of u and 12.
6
Let o(h) = -13*h - 21. Suppose 10*g - 14*g = 20. Let i be o(g). Calculate the greatest common divisor of 33 and i.
11
Suppose -12 = 5*a - 2. Let i be (-11)/(1 + (-4 - a)). Suppose -5*n + 2*o = -607, 2*n - 151 - 95 = 4*o. Calculate the greatest common divisor of i and n.
11
Suppose -c = -4*c. Suppose 3*x + 14 - 32 = c. Suppose 3*z - 2*v - 70 = 0, x*v - 14 = -z + 2*v. What is the greatest common divisor of z and 88?
22
Let f = 11682 + -11640. What is the highest common divisor of 3066 and f?
42
Let p(y) = 3946*y**2 - 17*y - 2. Let r be p(1). What is the highest common divisor of r and 51?
51
Suppose 3948 = 204*w - 16*w. What is the greatest common factor of w and 2520?
21
Suppose -74 = -15*i + 16*i - v, 5*i - 3*v + 368 = 0. Let s = -51 - i. Suppose -b + 1 + 32 = 0. Calculate the greatest common factor of b and s.
11
Suppose -6*l + 51 = -9. Let w = -51 + 57. Suppose i + i + w = 0, 4*p - 443 = i. What is the greatest common factor of l and p?
10
Let p = 32 + -30. Suppose -4*k - 769 = -5*c, -3*c = 2*c + p*k - 763. Suppose 4*j + 3*j = 119. What is the greatest common divisor of j and c?
17
Let j be (0 + 2/(-3))/(4/(34992/(-27))). What is the highest common divisor of 1431 and j?
27
Let o(y) = -y**3 - 43*y**2 + 64*y + 224. Let n be o(-49). Calculate the highest common factor of 14 and n.
14
Suppose 85*g - 7424 = 21*g. Calculate the greatest common divisor of 58 and g.
58
Suppose -25 + 49 = 2*u. Let b = 258 - 126. Calculate the highest common factor of u and b.
12
Suppose 121*v = 120*v + 5. Let w(u) = u**3 - 4*u**2 + 14*u - 18. Let y be w(v). Calculate the highest common factor of y and 847.
77
Suppose -3*h = -6, -47*x - 18972 = -48*x - 4*h. Calculate the greatest common factor of 44 and x.
44
Let a(i) = -i**3 + 2*i**2 + 9*i + 17. Let o be a(-5). Let l = o + -131. Calculate the greatest common factor of l and 368.
16
Let z(w) = 3*w - 29. Let o be z(15). Suppose 2*r - 54 = 2. Let v = 76 - r. Calculate the highest common factor of o and v.
16
Let i be 32*1 + (-10)/(-5). Let r = 495 + -435. Suppose 9 = -2*s - 3*p + 58, 5*p + r = 5*s. Calculate the highest common divisor of i and s.
17
Suppose 16 = i - 323. Let p = 472 - i. Calculate the greatest common divisor of p and 19.
19
Let n(j) = 3*j - 62. Let p be n(21). Let y be -6 + (2 - p) - (0 - 98). Calculate the highest common factor of y and 124.
31
Suppose -5*i - 3*y + 1465 = 0, -4*y - 612 = 86*i - 88*i. What is the greatest common divisor of i and 424?
8
Let s be (-1)/8 - (-6 - 63/(-72)). Suppose -9*h = -11*h + s*f + 1, 4*f = -5*h + 85. Calculate the highest common factor of h and 65.
13
Let o = -7975 - -7989. What is the greatest common factor of 32 and o?
2
Let i(o) = -o**3 - 47*o**2 + 46*o - 76. Let y be i(-48). Calculate the highest common factor of y and 69000.
20
Let q be (31 - 29)*(-78)/(-4). Suppose -4*f = -127 + q. What is the highest common factor of f and 154?
22
Suppose 3*l + 688 = 3*o + 2*o, 5*o - 4*l - 684 = 0. Let i = 179 - o. Let q = 15 + -2. Calculate the highest common divisor of q and i.
13
Suppose -40*u - 2*i = -45*u + 86646, 5*u = -2*i + 86634. What is the highest common factor of 48 and u?
48
Let g(x) = -18*x**2 + 9. Let z(o) = o**2 - 5*o - 4. Let r be z(5). Let d be g(r). Let m = -139 - d. Calculate the greatest common factor of m and 20.
20
Let b be (21/18)/((-4)/24). Let f be (1116/(-21))/(-4) + 2/b. Calculate the highest common factor of 39 and f.
13
Suppose 41 = -7*y + 8*y. Let h = 264 + -69. Suppose -j + h = y. Calculate the highest common factor of 22 and j.
22
Suppose -129*i - 277*i + 713914 + 1052998 = 0. What is the highest common divisor of i and 204?
68
Let b = 639 - 619. Let y be 852/(-15)*b/(-8). Calculate the highest common factor of 71 and y.
71
Let h(r) = 3*r**3 - 3*r**2 + 3. Let l be h(2). Suppose 0 = 2*u - 7*u - 25, u - l = j. Let q = j + 60. Calculate the highest common divisor of q and 160.
40
Let s(r) = -13*r**2 + r + 4. Let a(q) = 39*q + 117. Let k be a(-3). Let p be s(k). What is the highest common factor of 28 and p?
4
Let f be 2/9 + 6432/216. Let x be (-4 + -2 + -12)*f/(-9). Calculate the highest common divisor of 36 and x.
12
Suppose 2*j - 2*w + 424 = 5*j, -j = -w - 133. Calculate the greatest common factor of j and 3726.
138
Let d be (-3959810)/(-1105) + 12/26. Calculate the highest common factor of 14 and d.
14
Let v = -396 + 426. Suppose v*p - 4433 = 17*p. What is the greatest common divisor of p and 62?
31
Suppose 5*w + 458 = 73. Let b = -53 - w. Calculate the highest common divisor of 288 and b.
24
Suppose 6*j - j - 30 = 0. Suppose 5*u - 2139 = 981. Suppose 63*o = 55*o + u. Calculate the highest common factor of o and j.
6
Let i = 125 - 123. Suppose -l - k + 40 = i*k, -k + 2 = 0. Suppose 3*b - 51 = m, 7*b - 4*m + l =